601 and 2?
1
Calculate the greatest common factor of 13464 and 195976.
1496
What is the greatest common divisor of 78 and 41746887?
39
What is the greatest common divisor of 110448 and 2017977?
2301
What is the highest common divisor of 4500423 and 2005?
401
What is the highest common divisor of 11812212 and 1428?
204
What is the highest common factor of 335 and 6486940?
335
What is the greatest common factor of 201 and 190645887?
201
What is the greatest common divisor of 24673 and 814?
11
What is the greatest common factor of 11033995 and 945?
35
What is the highest common divisor of 961237 and 10027?
271
What is the highest common factor of 3566 and 627359248?
3566
Calculate the highest common factor of 2293861 and 2006.
1003
What is the greatest common factor of 8475 and 2707593?
339
Calculate the highest common divisor of 368650 and 67514561.
7373
What is the greatest common factor of 4100571 and 32103?
783
What is the greatest common factor of 646 and 5989180?
38
What is the highest common divisor of 2061373716 and 36?
36
Calculate the highest common factor of 28552153 and 1981.
1981
What is the greatest common factor of 103544 and 717304?
56
Calculate the greatest common divisor of 252 and 493844652.
252
What is the highest common factor of 127625 and 424736?
1021
What is the highest common factor of 224265325 and 6475?
925
Calculate the highest common factor of 2790388 and 20629.
421
What is the highest common divisor of 142772 and 195607838?
10198
Calculate the highest common divisor of 6 and 2733383.
1
What is the highest common factor of 904263 and 3836625?
2361
Calculate the greatest common factor of 323358 and 10962.
42
What is the highest common divisor of 42 and 36794282?
14
What is the highest common factor of 3734743 and 37?
37
What is the highest common divisor of 37893897 and 9?
9
What is the highest common factor of 15 and 119697?
3
Calculate the highest common divisor of 15372 and 2822484.
84
Calculate the greatest common divisor of 965 and 1390205.
5
Calculate the greatest common divisor of 10361520 and 4160.
1040
What is the greatest common divisor of 658728960 and 84?
12
What is the greatest common factor of 4552523 and 5174?
199
What is the highest common factor of 4018752 and 11106?
18
What is the greatest common divisor of 441 and 1723379?
49
Calculate the highest common factor of 18526563 and 87.
87
Calculate the greatest common divisor of 1166 and 84012049.
583
Calculate the highest common factor of 154 and 41366402.
154
What is the greatest common factor of 283371 and 3894561?
1023
Calculate the highest common divisor of 1105780 and 25480.
260
Calculate the greatest common factor of 345632 and 26231.
1543
Calculate the highest common divisor of 24642035 and 55.
55
What is the greatest common factor of 181 and 271904173?
181
Calculate the highest common divisor of 267420 and 550.
10
What is the highest common divisor of 2421 and 98855079?
807
Calculate the highest common factor of 27 and 6022257471.
27
Calculate the highest common factor of 4 and 53232776.
4
Calculate the greatest common factor of 9113391 and 2268.
567
What is the greatest common factor of 1246797 and 522?
261
What is the highest common divisor of 16307 and 1045775?
709
What is the greatest common factor of 196788 and 91840104?
8556
What is the highest common divisor of 44016 and 12032?
16
What is the greatest common factor of 26 and 1109849?
13
Calculate the greatest common factor of 12803864 and 24.
8
Calculate the highest common factor of 13368 and 9255.
3
What is the highest common divisor of 2 and 27589272?
2
What is the greatest common factor of 1278120 and 2670?
30
Calculate the greatest common factor of 1320679 and 272.
17
What is the highest common factor of 564 and 126127038?
282
Calculate the greatest common divisor of 14178302 and 658.
94
Calculate the highest common divisor of 160 and 2382272.
32
Calculate the highest common factor of 18443193 and 27669.
1203
Calculate the greatest common divisor of 89181862 and 196.
98
What is the greatest common divisor of 11290 and 2469123?
1129
What is the greatest common factor of 400804 and 3686?
194
What is the greatest common factor of 303745 and 14053?
13
Calculate the greatest common divisor of 3520320 and 128.
64
Calculate the highest common factor of 100973898 and 14687.
773
Calculate the highest common factor of 16983358 and 77.
7
What is the highest common divisor of 157779 and 66411?
423
What is the highest common divisor of 3185 and 2341955?
245
What is the highest common divisor of 520 and 28637960?
520
Calculate the highest common factor of 1718521 and 57049.
641
Calculate the greatest common factor of 2920503 and 19575.
87
What is the highest common divisor of 334714 and 6081190?
3314
What is the highest common divisor of 3543930 and 1290?
30
What is the greatest common factor of 12 and 54338916?
12
What is the highest common divisor of 19625617 and 22?
11
Calculate the greatest common divisor of 226 and 928237822.
226
Calculate the greatest common divisor of 137511970 and 1240.
310
What is the greatest common divisor of 43036 and 4571560?
812
What is the highest common divisor of 26148 and 26004?
12
Calculate the highest common divisor of 637920 and 22560.
480
Calculate the highest common factor of 2128706 and 272.
34
What is the greatest common divisor of 172900 and 1885940?
2660
Calculate the greatest common factor of 130 and 39945380.
10
Calculate the greatest common factor of 826 and 7637786.
118
What is the greatest common divisor of 98475 and 40097?
101
Calculate the highest common factor of 56 and 8679804.
28
What is the highest common factor of 13695 and 20505?
15
Calculate the greatest common factor of 6280 and 85600325.
785
What is the highest common factor of 189 and 31626423?
27
What is the highest common divisor of 6107503 and 549?
61
Calculate the highest common factor of 6757923 and 258.
129
Calculate the highest common factor of 4438 and 193161731.
2219
Calculate the highest common factor of 282 and 7985582.
94
What is the highest common divisor of 75705660 and 12760?
580
What is the highest common factor of 19547835 and 375?
15
What is the highest common divisor of 20530 and 63790?
10
Calculate the greatest common divisor of 272 and 151908.
4
Calculate the highest common factor of 568 and 7858808.
8
What is the greatest common factor of 73673223 and 17901?
663
What is the highest common factor of 1154808 and 164493?
3357
What is the highest common factor of 553 and 214719156?
79
What is the greatest common divisor of 5847156 and 1629?
9
What is the greatest common factor of 11175654 and 12575?
503
Calculate the highest common divisor of 6119301 and 294209.
1231
What is the greatest common factor of 6859446 and 1254?
66
Calculate the highest common divisor of 21387950 and 100.
50
What is the greatest common factor of 431623 and 1824?
19
Calculate the greatest common divisor of 467087868 and 4446.
4446
What is the greatest common factor of 854 and 6386639?
427
Calculate the greatest common divisor of 36 and 33980211.
9
Calculate the highest common factor of 400515 and 1425.
15
What is the greatest common factor of 35 and 164377290?
35
Calculate the greatest common divisor of 5267571 and 2019.
2019
What is the highest common divisor of 11022064 and 3760?
752
What is the highest common factor of 203 and 276631?
29
Calculate the greatest common divisor of 110 and 32531620.
110
What is the greatest common factor of 130582699 and 13?
13
Calculate the highest common divisor of 2179410 and 600.
30
Calculate the greatest common factor of 202 and 32737534.
202
Calculate the greatest common divisor of 847 and 37121.
7
What is the greatest common divisor of 37905472 and 644?
92
Calculate the greatest common factor of 11341736 and 40768.
392
What is the greatest common factor of 346524 and 6901?
67
What is the highest common divisor of 7306244 and 35156?
2068
What is the highest common divisor of 17640682 and 116986?
4034
Calculate the highest common factor of 1309833 and 8109.
153
Calculate the highest common divisor of 2675266 and 374781.
3047
What is the highest common divisor of 177 and 118689?
3
Calculate the greatest common factor of 8181 and 23076783.
909
What is the 